{"id":87,"date":"2021-09-15T09:50:11","date_gmt":"2021-09-15T07:50:11","guid":{"rendered":"http:\/\/81.26.5.78\/BG\/?page_id=87"},"modified":"2024-05-08T08:45:55","modified_gmt":"2024-05-08T06:45:55","slug":"ciekawe-adresy-serwisy-bazy-danych-katalogi","status":"publish","type":"page","link":"https:\/\/lib.tu.kielce.pl\/index.php\/ciekawe-adresy-serwisy-bazy-danych-katalogi\/","title":{"rendered":"Ciekawe adresy: serwisy, bazy danych, katalogi"},"content":{"rendered":"\n<a name=\"POCZATEK\"> <\/a>\n\n\n\n<ul class=\"wp-block-list\">\n<li><a href=\"#Katalogi\"><strong>Katalogi<\/strong><\/a><\/li>\n\n\n\n<li><a href=\"#Serwisy_wydawcow\"><strong>Serwisy wydawc\u00f3w czasopism<\/strong><\/a><\/li>\n\n\n\n<li><a href=\"#Bazy\"><strong>Bazy i serwisy czasopism naukowych<\/strong><\/a><\/li>\n\n\n\n<li><a href=\"#Inf_prawna\"><strong>Informacja prawna<\/strong><\/a><\/li>\n\n\n\n<li><a href=\"#Inf_techniczna\"><strong>Informacja techniczna i normalizacyjna<\/strong><\/a><\/li>\n\n\n\n<li><a href=\"#Wyszukiwarki\"><strong>Wyszukiwarki naukowe<\/strong><\/a><\/li>\n\n\n\n<li><a href=\"#Bibliotekarze\"><strong>Nie tylko dla bibliotekarzy<\/strong><\/a><\/li>\n<\/ul>\n\n\n\n<hr class=\"wp-block-separator has-css-opacity\"\/>\n\n\n\n<p><a rel=\"noreferrer noopener\" href=\"http:\/\/mjl.clarivate.com\/cgi-bin\/jrnlst\/jlresults.cgi?PC=MASTER\" target=\"_blank\"><strong>\u201eLista filadelfijska\u201d<\/strong><\/a> Master Journal List \u2013 czasopisma uwzgl\u0119dnione w bazie Science Citation Index oraz innych bazach Clarivate Analytics (dawniej Thomson Reuters, wcze\u015bniej ISI \u2013 Institute for Scientific Information, Filadelfia)<\/p>\n\n\n\n<hr class=\"wp-block-separator has-css-opacity\"\/>\n\n\n\n<h3 class=\"wp-block-heading\" id=\"katalogi\">Katalogi<\/h3>\n\n\n\n<a name=\"Katalogi\"><\/a>\n\n\n\n<ul class=\"wp-block-list\">\n<li><a rel=\"noreferrer noopener\" href=\"http:\/\/bn.org.pl\/\" target=\"_blank\">Bazy Biblioteki Narodowej<\/a>:\n<ul class=\"wp-block-list\">\n<li><a rel=\"noreferrer noopener\" href=\"https:\/\/bn.org.pl\/bibliografie\/bibliografia-narodowa\" target=\"_blank\">Bibliografia narodowa<\/a><\/li>\n\n\n\n<li><a href=\"https:\/\/bn.org.pl\/bibliografie\/bibliografie-specjalne\" target=\"_blank\" rel=\"noreferrer noopener\">Bibliografie specjalne<\/a><\/li>\n<\/ul>\n<\/li>\n\n\n\n<li><a rel=\"noreferrer noopener\" href=\"http:\/\/www.nukat.edu.pl\/\" target=\"_blank\">NUKAT<\/a> \u2013 Narodowy Uniwersalny Katalog Centralny<\/li>\n\n\n\n<li><a rel=\"noreferrer noopener\" href=\"http:\/\/karo3.umk.pl\/Karo\/\" target=\"_blank\">KARO<\/a> \u2013 <strong>Ka<\/strong>talog <strong>Ro<\/strong>zproszony Bibliotek Polskich<\/li>\n\n\n\n<li><a href=\"http:\/\/195.187.72.180\/\" target=\"_blank\" rel=\"noreferrer noopener\">PAN<\/a> \u2013 strona Warszawskiego Porozumienia Bibliotek Naukowych PAN w dw\u00f3ch wersjach j\u0119zykowych<\/li>\n<\/ul>\n\n\n\n<p><a href=\"#POCZATEK\">Do g\u00f3ry strony<\/a><\/p>\n\n\n\n<h3 class=\"wp-block-heading\" id=\"serwisy-wydawcow-czasopism\">Serwisy wydawc\u00f3w czasopism<\/h3>\n\n\n\n<a name=\"Serwisy_wydawcow\"><\/a>\n\n\n\n<ul class=\"wp-block-list\">\n<li><a rel=\"noreferrer noopener\" href=\"http:\/\/www.impan.pl\/PubHouse\/serials.html\" target=\"_blank\">IM PAN Journals and Serials<\/a> \u2013 czasopisma wydawane przez Instytut Matematyki Polskiej Akademii Nauk<\/li>\n\n\n\n<li><a rel=\"noreferrer noopener\" href=\"http:\/\/www.sigma-not.pl\/\" target=\"_blank\">SIGMA-NOT<\/a> \u2013 informacje o czasopismach fachowych wydawanych przez wydawnictwo Sigma-Not z podzia\u0142em tematycznym<\/li>\n\n\n\n<li><a rel=\"noreferrer noopener\" href=\"http:\/\/www.aip.org\/\" target=\"_blank\">American Institute of Physics<\/a> \u2013 czasopisma, materia\u0142y konferencyjne i inne publikacje AIP<\/li>\n\n\n\n<li><a rel=\"noreferrer noopener\" href=\"http:\/\/www.asce.org\/\" target=\"_blank\">ASCE<\/a> \u2013 czasopisma wydawane przez American Society of Civil Engineers<\/li>\n\n\n\n<li><a rel=\"noreferrer noopener\" href=\"http:\/\/www.asme.org\/Publications\/Journals\/\" target=\"_blank\">ASME<\/a> \u2013 czasopisma wydawane przez American Society of Mechanical Engineers<\/li>\n\n\n\n<li><a rel=\"noreferrer noopener\" href=\"https:\/\/www.emerald.com\/insight\/\" target=\"_blank\">Emerald<\/a> \u2013 serwis czasopism i baz danych naukowych i technicznych z ukierunkowaniem na zarz\u0105dzanie<\/li>\n\n\n\n<li><a rel=\"noreferrer noopener\" href=\"http:\/\/ieeexplore.ieee.org\/Xplore\/dynhome.jsp\" target=\"_blank\">IEEE Xplore<\/a> \u2013 platforma zawieraj\u0105ca zasoby literaturowe z dziedziny informatyki, elektrotechniki, elektroniki oraz nauk pokrewnych. Obejmuje czasopisma, materia\u0142y konferencyjne, normy wydawane przez Institute of Electrical and Electronics Engineers (IEEE) oraz czasopisma Institution of Engineering and Technology (IET)<\/li>\n\n\n\n<li><a href=\"https:\/\/iopscience.iop.org\/journalList\" target=\"_blank\" rel=\"noreferrer noopener\">IOP electronic journals<\/a> \u2013 serwis czasopism z dziedziny fizyki, matematyki, astronomii, chemii, informatyki, itp. wydawanych przez Institute of Physics<\/li>\n<\/ul>\n\n\n\n<p><a href=\"#POCZATEK\">Do g\u00f3ry strony<\/a><\/p>\n\n\n\n<h3 class=\"wp-block-heading\" id=\"bazy-czasopism-naukowych\">Bazy czasopism naukowych<\/h3>\n\n\n\n<a name=\"Bazy\"><\/a>\n\n\n\n<ul class=\"wp-block-list\">\n<li><a rel=\"noreferrer noopener\" href=\"http:\/\/www.arianta.pl\" target=\"_blank\">ARIANTA<\/a> \u2013 baza naukowych i fachowych polskich czasopism elektronicznych<\/li>\n\n\n\n<li><a href=\"http:\/\/baztech.icm.edu.pl\/\" target=\"_blank\" rel=\"noreferrer noopener\">BazTech<\/a> \u2013 baza danych o zawarto\u015bci polskich czasopism technicznych<\/li>\n\n\n\n<li><a href=\"http:\/\/baztol.library.put.poznan.pl\/baztol_czytelnik\/baztol\" target=\"_blank\" rel=\"noreferrer noopener\">BazTOL<\/a> \u2013 polskie zasoby sieciowe z zakresu nauk technicznych<\/li>\n\n\n\n<li><a href=\"https:\/\/bazekon.uek.krakow.pl\/\" target=\"_blank\" rel=\"noreferrer noopener\">BazEkon<\/a> \u2013 baza z nauk ekonomicznych i pokrewnych<\/li>\n<\/ul>\n\n\n\n<p><a href=\"#POCZATEK\">Do g\u00f3ry strony<\/a><\/p>\n\n\n\n<h3 class=\"wp-block-heading\" id=\"informacja-prawna\">Informacja prawna<\/h3>\n\n\n\n<a name=\"Inf_prawna\"><\/a>\n\n\n\n<ul class=\"wp-block-list\">\n<li><a rel=\"noreferrer noopener\" href=\"http:\/\/www.rcl.gov.pl\/\" target=\"_blank\">Rz\u0105dowe Centrum Legislacji<\/a> \u2013 elektroniczna wersja Dziennik\u00f3w Ustaw i Monitor\u00f3w Polskich opublikowanych na stronie internetowej RCL stanowi oficjalne \u017ar\u00f3d\u0142o prawa. Strona zawiera ponadto skorowidz Przepis\u00f3w Prawnych za lata 1918-2010<\/li>\n\n\n\n<li><a rel=\"noreferrer noopener\" href=\"http:\/\/isap.sejm.gov.pl\/\" target=\"_blank\">Internetowy System Akt\u00f3w Prawnych<\/a> \u2013 baza zawiera aktualizowane na bie\u017c\u0105co opisy bibliograficzne i teksty akt\u00f3w prawnych opublikowanych w Dzienniku Ustaw oraz Monitorze Polskim<\/li>\n\n\n\n<li><a rel=\"noreferrer noopener\" href=\"http:\/\/www.infor.pl\/\" target=\"_blank\">INFOR.pl<\/a> \u2013 najwi\u0119kszy portal prawno-gospodarczy. W serwisie dost\u0119pne s\u0105: akty prawne, dziennik ustaw, kalkulatory, wska\u017aniki, linki do czasopism tematycznych i serwis\u00f3w internetowych<\/li>\n\n\n\n<li><a href=\"https:\/\/www.prawo.pl\/\" target=\"_blank\" rel=\"noreferrer noopener\">Prawo.pl<\/a> \u2013 otwarty serwis informacyjny, zawieraj\u0105cy codzienne informacje z zakresu prawa, podatk\u00f3w, ale tak\u017ce tematyki kadrowej, samorz\u0105dowo-administracyjnej, zdrowotnej, o\u015bwiatowej czy regulacji dotycz\u0105cych prowadzenia firm.<\/li>\n\n\n\n<li><a rel=\"noreferrer noopener\" href=\"http:\/\/www.uprp.pl\/\" target=\"_blank\">Urz\u0105d Patentowy Rzeczpospolitej Polskiej<\/a> \u2013 strona zawieraj\u0105ca informacje o przedmiotach w\u0142asno\u015bci przemys\u0142owej i ich ochronie, akty prawne z tego zakresu, bazy danych i publikacje Urz\u0119du Patentowego<\/li>\n<\/ul>\n\n\n\n<p><a href=\"#POCZATEK\">Do g\u00f3ry strony<\/a><\/p>\n\n\n\n<h3 class=\"wp-block-heading\" id=\"informacja-techniczna-i-normalizacyjna\">Informacja techniczna i normalizacyjna<\/h3>\n\n\n\n<a name=\"Inf_techniczna\"><\/a>\n\n\n\n<ul class=\"wp-block-list\">\n<li><a href=\"http:\/\/wiedza.pkn.pl\/\" target=\"_blank\" rel=\"noreferrer noopener\">PKN Wiedza<\/a> \u2013 portal Polskiego Komitetu Normalizacyjnego przeznaczony dla os\u00f3b zainteresowanych problematyk\u0105 normalizacji<\/li>\n\n\n\n<li><a rel=\"noreferrer noopener\" href=\"https:\/\/www.itb.pl\/europejskie-oceny-techniczne-krajowe-oceny-i-rekomendacje-techniczne\" target=\"_blank\">Europejskie Oceny Techniczne, Krajowe Oceny i Rekomendacje Techniczne<\/a> \u2013 bazy danych EOT, KOT i RT ITB opracowywanych przez Zak\u0142ad Oceny Technicznej Instytutu Techniki Budowlanej<\/li>\n\n\n\n<li><a rel=\"noreferrer noopener\" href=\"https:\/\/sklep.pkn.pl\/?m=product&amp;a=find&amp;cmd=clr\" target=\"_blank\">Polskie Normy<\/a> \u2013 bibliograficzna-abstraktowa baza norm Polskiego Komitetu Normalizacyjnego, z wieloaspektowym wyszukiwaniem oraz mo\u017cliwo\u015bci\u0105 zakupu w sklepie internetowym<\/li>\n\n\n\n<li><a rel=\"noreferrer noopener\" href=\"http:\/\/www.wbi.budmedia.pl\/index.html\" target=\"_blank\">Wirtualna Biblioteka In\u017cyniera<\/a> \u2013 internetowy portal bran\u017cowy, udost\u0119pniaj\u0105cy informacje w postaci opracowa\u0144, referat\u00f3w i innych publikacji przekazanych nieodp\u0142atnie przez autor\u00f3w i udost\u0119pnianych w formacie pdf<\/li>\n<\/ul>\n\n\n\n<p><a href=\"#POCZATEK\">Do g\u00f3ry strony<\/a><\/p>\n\n\n\n<h3 class=\"wp-block-heading\" id=\"wyszukiwarki-naukowe\">Wyszukiwarki naukowe<\/h3>\n\n\n\n<a name=\"Wyszukiwarki\"><\/a>\n\n\n\n<ul class=\"wp-block-list\">\n<li><a href=\"http:\/\/scholar.google.com\" target=\"_blank\" rel=\"noreferrer noopener\">Google Scholar<\/a> \u2013 specjalistyczna wyszukiwarka Google, rejestruj\u0105ca pe\u0142ne teksty lub abstrakty prac naukowych (artyku\u0142\u00f3w, raport\u00f3w, ksi\u0105\u017cek)<\/li>\n\n\n\n<li><a href=\"http:\/\/www.findarticles.com\/\" target=\"_blank\" rel=\"noreferrer noopener\">Find Articles<\/a> \u2013 wyszukiwarka abstrakt\u00f3w lub pe\u0142nych tekst\u00f3w artyku\u0142\u00f3w z magazyn\u00f3w \u015bwiatowych pogrupowanych wg dziedzin: motoryzacja, biznes i finanse, informatyka, edukacja, sport i in.<\/li>\n\n\n\n<li><a href=\"https:\/\/www.base-search.net\/index.php?l=pl\" target=\"_blank\" rel=\"noreferrer noopener\">BASE<\/a> \u2013 jedna z najbardziej obszernych wyszukiwarek na \u015bwiecie, szczeg\u00f3lnie w przypadku akademickich zasob\u00f3w internetowych, dostarcza ponad 150 milion\u00f3w dokument\u00f3w z ponad 7000 \u017ar\u00f3de\u0142.<\/li>\n<\/ul>\n\n\n\n<p><a href=\"#POCZATEK\">Do g\u00f3ry strony<\/a><\/p>\n\n\n\n<h3 class=\"wp-block-heading\" id=\"nie-tylko-dla-bibliotekarzy\">Nie tylko dla bibliotekarzy<\/h3>\n\n\n\n<a name=\"Bibliotekarze\"><\/a>\n\n\n\n<ul class=\"wp-block-list\">\n<li><a href=\"http:\/\/www.ebib.pl\/\" target=\"_blank\" rel=\"noreferrer noopener\">EBIB<\/a> \u2013 <strong>E<\/strong>lektroniczna <strong>BIB<\/strong>lioteka \u2013 portal bibliotekarzy i pracownik\u00f3w informacji, zawieraj\u0105cy m.in. Biuletyn EBIB, informacje o bibliotekach cyfrowych w Polsce i na \u015bwiecie, czasopisma bibliotekarskie, serwisy bibliotekarskie, OpenAccess, katalogi OPAC i inne<\/li>\n\n\n\n<li><a rel=\"noreferrer noopener\" href=\"http:\/\/www.sbp.pl\/\" target=\"_blank\">SBP<\/a> \u2013 portal Stowarzyszenia Bibliotekarzy Polskich, zawieraj\u0105cy informacje o dzia\u0142alno\u015bci SBP, dost\u0119pnych wydawnictwach oraz aktualnych wydarzeniach w \u015bwiecie bibliotekarskim<\/li>\n\n\n\n<li><a rel=\"noreferrer noopener\" href=\"https:\/\/lustrobiblioteki.pl\/\" data-type=\"link\" data-id=\"https:\/\/lustrobiblioteki.pl\/\" target=\"_blank\">Lustro Biblioteki<\/a> &#8211; serwis biblioteczny dla bibliotekarzy i mi\u0142o\u015bnik\u00f3w ksi\u0105\u017cek, przedstawiaj\u0105cy tre\u015bci zar\u00f3wno naukowe, jak i bardziej rozrywkowe i o charakterze informacyjnym<\/li>\n\n\n\n<li><a href=\"http:\/\/eprints.rclis.org\/\" target=\"_blank\" rel=\"noreferrer noopener\">E-LIS<\/a> \u2013 najwi\u0119ksze mi\u0119dzynarodowe otwarte repozytorium stworzone w celu samodzielnego archiwizowania dokument\u00f3w elektronicznych z zakresu bibliotekoznawstwa i informacji naukowej. Obecnie zawiera prawie 12000 dokument\u00f3w<\/li>\n\n\n\n<li><a href=\"http:\/\/www.naukawpolsce.pap.pl\/\" target=\"_blank\" rel=\"noreferrer noopener\">Nauka w Polsce<\/a> \u2013 og\u00f3lnodost\u0119pny serwis internetowy, redagowany przez dziennikarzy Polskiej Agencji Prasowej, finansowany przez Ministerstwo Nauki i Szkolnictwa Wy\u017cszego, odnotowuj\u0105cy na bie\u017c\u0105co osi\u0105gni\u0119cia polskich naukowc\u00f3w<\/li>\n\n\n\n<li><a rel=\"noreferrer noopener\" href=\"http:\/\/ekulczycki.pl\/\" target=\"_blank\">Warsztat badacza komunikacji<\/a> \u2013 archiwalny blog naukowy Emanuela Kulczyckiego na temat warsztatu naukowego (narz\u0119\u00addzi badaw\u00adczych, pro\u00adgra\u00adm\u00f3w kom\u00adpu\u00adte\u00adro\u00adwych, prze\u00adpi\u00ads\u00f3w praw\u00adnych regu\u00adlu\u00adj\u0105\u00adcych prac\u0119 badaw\u00adcz\u0105) oraz komunikacji naukowej.<\/li>\n<\/ul>\n\n\n\n<p><a href=\"#POCZATEK\">Do g\u00f3ry strony<\/a><\/p>\n","protected":false},"excerpt":{"rendered":"<p>\u201eLista filadelfijska\u201d Master Journal List \u2013 czasopisma uwzgl\u0119dnione w bazie Science Citation Index oraz innych bazach Clarivate Analytics (dawniej Thomson Reuters, wcze\u015bniej ISI \u2013 Institute for Scientific Information, Filadelfia) Katalogi Do g\u00f3ry strony Serwisy wydawc\u00f3w czasopism Do g\u00f3ry strony Bazy czasopism naukowych Do g\u00f3ry strony Informacja prawna Do g\u00f3ry strony Informacja techniczna i normalizacyjna Do [&hellip;]<\/p>\n","protected":false},"author":3,"featured_media":0,"parent":0,"menu_order":0,"comment_status":"closed","ping_status":"closed","template":"","meta":{"footnotes":""},"class_list":["post-87","page","type-page","status-publish","hentry"],"_links":{"self":[{"href":"https:\/\/lib.tu.kielce.pl\/index.php\/wp-json\/wp\/v2\/pages\/87","targetHints":{"allow":["GET"]}}],"collection":[{"href":"https:\/\/lib.tu.kielce.pl\/index.php\/wp-json\/wp\/v2\/pages"}],"about":[{"href":"https:\/\/lib.tu.kielce.pl\/index.php\/wp-json\/wp\/v2\/types\/page"}],"author":[{"embeddable":true,"href":"https:\/\/lib.tu.kielce.pl\/index.php\/wp-json\/wp\/v2\/users\/3"}],"replies":[{"embeddable":true,"href":"https:\/\/lib.tu.kielce.pl\/index.php\/wp-json\/wp\/v2\/comments?post=87"}],"version-history":[{"count":0,"href":"https:\/\/lib.tu.kielce.pl\/index.php\/wp-json\/wp\/v2\/pages\/87\/revisions"}],"wp:attachment":[{"href":"https:\/\/lib.tu.kielce.pl\/index.php\/wp-json\/wp\/v2\/media?parent=87"}],"curies":[{"name":"wp","href":"https:\/\/api.w.org\/{rel}","templated":true}]}}