{"id":57,"date":"2021-09-15T09:12:17","date_gmt":"2021-09-15T07:12:17","guid":{"rendered":"http:\/\/81.26.5.78\/BG\/?page_id=57"},"modified":"2021-09-15T09:12:17","modified_gmt":"2021-09-15T07:12:17","slug":"polityka-gromadzenia-zbiorow-w-bibliotece-glownej-politechniki-swietokrzyskiej","status":"publish","type":"page","link":"https:\/\/lib.tu.kielce.pl\/index.php\/polityka-gromadzenia-zbiorow-w-bibliotece-glownej-politechniki-swietokrzyskiej\/","title":{"rendered":"Polityka gromadzenia zbior\u00f3w w Bibliotece G\u0142\u00f3wnej Politechniki \u015awi\u0119tokrzyskiej"},"content":{"rendered":"\n\n<p><\/p>\n\n\n\n<p><strong>1. Zakup<\/strong><br>Dob\u00f3r literatury do zakupu odbywa si\u0119 na podstawie dok\u0142adnej analizy przydatno\u015bci danej publikacji, zgodnie z kierunkami kszta\u0142cenia, potrzebami naukowymi i dydaktycznymi u\u017cytkownik\u00f3w Biblioteki P\u015ak.<\/p>\n\n\n\n<p><strong>1.1 Wydawnictwa zwarte (ksi\u0105\u017cki)<\/strong><\/p>\n\n\n\n<p><strong>1.1.1 Nowo\u015bci wydawnicze i bie\u017c\u0105ce zam\u00f3wienia od u\u017cytkownik\u00f3w<\/strong><\/p>\n\n\n\n<ul class=\"wp-block-list\"><li>Ksi\u0105\u017cki do zakupu wybierane s\u0105 na podstawie:\n<ul>\n<li>systematycznego przegl\u0105du ofert wydawniczych i ksi\u0119garskich<\/li>\n<li>propozycji pracownik\u00f3w i student\u00f3w P\u015ak wynikaj\u0105cych z bie\u017c\u0105cych potrzeb informacyjnych<\/li>\n<li>zg\u0142osze\u0144 kierownik\u00f3w Oddzia\u0142\u00f3w BG w oparciu o dezyderaty i obserwacje potrzeb u\u017cytkownik\u00f3w BG<\/li>\n<\/ul>\n<\/li><\/ul>\n\n\n\n<p>Zam\u00f3wienie mo\u017cna sk\u0142ada\u0107 za po\u015brednictwem <a href=\"mailto:bibjs@tu.kielce.pl?subject=Zam\u00f3wienie%20na%20ksi\u0105\u017cki\">maila<\/a>, <a title=\"Odno\u015bnik otworzy si\u0119 w nowym oknie\" href=\"http:\/\/www.lib.tu.kielce.pl\/services\/zamowieniaCzasopism\/login.php\" target=\"_blank\" rel=\"noopener\">formularza zam\u00f3wie\u0144<\/a> dost\u0119pnego na stronie www Biblioteki, bezpo\u015brednio u bibliotekarza.<\/p>\n\n\n\n<p>Ka\u017cde zam\u00f3wienie na ksi\u0105\u017cki jest weryfikowane przez pracownika OGiOZ w celu wyeliminowania tytu\u0142\u00f3w b\u0119d\u0105cych ju\u017c w zbiorach Biblioteki i ustalenia odpowiedniej liczby egzemplarzy do zakupu.<\/p>\n\n\n\n<p>Zakup ksi\u0105\u017cek zagranicznych jest mo\u017cliwy po wcze\u015bniejszym sprawdzeniu ich dost\u0119pno\u015bci w ramach krajowej licencji akademickiej oraz w bazach Open Access.<\/p>\n\n\n\n<ul class=\"wp-block-list\"><li>Liczba egzemplarzy:<\/li><\/ul>\n\n\n\n<p>Liczb\u0119 egzemplarzy do zakupu ustala si\u0119 na podstawie analizy wykorzystania publikacji oraz zg\u0142aszanych potrzeb u\u017cytkownik\u00f3w.<\/p>\n\n\n\n<p><strong>1.1.2 Literatura z sylabus\u00f3w<\/strong><\/p>\n\n\n\n<p>BG gromadzi obowi\u0105zuj\u0105ce na P\u015ak podr\u0119czniki na podstawie systematycznie prowadzonej przez pracownik\u00f3w BG analizy \u201eBazy Lektur\u201d, opracowanej w oparciu o sylabusy, zgodnie z Zarz\u0105dzeniem Rektora nr 96\/14 z dnia 22 grudnia 2014 r. w liczbie:<\/p>\n\n\n\n<ul class=\"wp-block-list\"><li><em>Podr\u0119czniki og\u00f3lne<\/em> (wykorzystywane na wielu kierunkach &#8211; do 20 egz.<\/li><li><em>Podr\u0119czniki specjalistyczne<\/em> (przeznaczone dla jednego kierunku studi\u00f3w) &#8211; do 10 egz.<\/li><\/ul>\n\n\n\n<p>W uzasadnionych przypadkach mo\u017cna zwi\u0119kszy\u0107 liczb\u0119 egzemplarzy kupowanych ksi\u0105\u017cek.<\/p>\n\n\n\n<p><strong>1.1.3 Zakupy finansowane ze \u017ar\u00f3de\u0142 pozabibliotecznych<\/strong><\/p>\n\n\n\n<p>W przypadku zakup\u00f3w finansowanych ze \u017ar\u00f3de\u0142 pozabibliotecznych (projekty, granty, \u015brodki statutowe jednostek, inne) Biblioteka ma prawo wprowadzania zmian dot. zam\u00f3wionych tytu\u0142\u00f3w i liczby egzemplarzy po konsultacji z jednostk\u0105 zamawiaj\u0105c\u0105.<\/p>\n\n\n\n<p><strong>1.2 Wydawnictwa ci\u0105g\u0142e (czasopisma)<\/strong><\/p>\n\n\n\n<p><strong>1.2.1 Prenumerata czasopism jest uzale\u017cniona od z\u0142o\u017cenia zam\u00f3wie\u0144 do Biblioteki przez:<\/strong><\/p>\n\n\n\n<ul class=\"wp-block-list\"><li>Dziekan\u00f3w z poszczeg\u00f3lnych Wydzia\u0142\u00f3w;<\/li><li>Inne jednostki organizacyjne P\u015ak, po akceptacji Rektora, Prorektor\u00f3w lub Kanclerza;<\/li><li>Pracownik\u00f3w Biblioteki na podstawie analizy potrzeb u\u017cytkownik\u00f3w i dezyderat\u00f3w po akceptacji Prorektora<\/li><\/ul>\n\n\n\n<p>Ka\u017cde zam\u00f3wienie na czasopisma jest weryfikowane przez pracownika Oddzia\u0142u Wydawnictw Ci\u0105g\u0142ych.<\/p>\n\n\n\n<p>Czasopisma zamawiane przez Bibliotek\u0119 s\u0105 redystrybuowane w nast\u0119puj\u0105cy spos\u00f3b:<\/p>\n\n\n\n<ul class=\"wp-block-list\"><li>zamawiane na potrzeby Biblioteki G\u0142\u00f3wnej &#8211; s\u0105 gromadzone, udost\u0119pniane i przechowywane w BG<\/li><li>zamawiane na potrzeby innych jednostek &#8211; s\u0105 przekazywane do tych jednostek<\/li><\/ul>\n\n\n\n<p><strong>1.2.2 Finansowanie prenumeraty: <\/strong><\/p>\n\n\n\n<p>Czasopisma zaakceptowane do prenumeraty przez dziekan\u00f3w finansowane s\u0105 przez poszczeg\u00f3lne wydzia\u0142y<br>Czasopisma zamawiane przez inne jednostki P\u015ak s\u0105 finansowane przez rektora, prorektor\u00f3w i kanclerza<br>Czasopisma zaproponowane przez BG finansowane s\u0105 z funduszu Biblioteki G\u0142\u00f3wnej.<\/p>\n\n\n\n<p><strong>1.3. Zbiory specjalne (normy)<\/strong><\/p>\n\n\n\n<p>Zbiory specjalne gromadzone s\u0105 wy\u0142\u0105cznie na zam\u00f3wienie pracownika lub studenta P\u015ak.<\/p>\n\n\n\n<p><strong>2. Wymiana<\/strong><\/p>\n\n\n\n<p>Na podstawie zarz\u0105dzenia nr 5\/12 Rektora P\u015aK z dn. 21 stycznia 2012 r. w sprawie zasad i trybu publikowania wydawnictw, Biblioteka dysponuje 20 egz. wydawnictw uczelnianych przeznaczonych na wymian\u0119.<\/p>\n\n\n\n<p>Systematyczna wymiana wydawnictw odbywa si\u0119 z:<\/p>\n\n\n\n<ul class=\"wp-block-list\"><li>bibliotekami z kt\u00f3rymi BG podpisa\u0142a umow\u0119 o wymianie<\/li><li>Bibliotek\u0105 Kongresu w Waszyngtonie (jako cz\u0142onek systemu DMEP &#8211; mi\u0119dzynarodowy system wymiany mi\u0119dzybibliotecznej)<\/li><\/ul>\n\n\n\n<p>W zwi\u0105zku z selektywnym podej\u015bciem bibliotek niekt\u00f3rych Uczelni do publikacji otrzymywanych drog\u0105 wymiany, powstaje tzw. \u201enadwy\u017cka egzemplarzy\u201d tytu\u0142\u00f3w, kt\u00f3re nie odpowiadaj\u0105 profilowi ksi\u0119gozbioru tych bibliotek. Ewentualne nadwy\u017cki mog\u0105 by\u0107:<\/p>\n\n\n\n<ul class=\"wp-block-list\"><li>wymieniane dora\u017anie (na podstawie pisma o wymianie) z wybran\u0105 bibliotek\u0105 dysponuj\u0105c\u0105 ksi\u0119gozbiorem o tematyce zgodnej z kierunkami kszta\u0142cenia w P\u015ak<\/li><li>w\u0142\u0105czone do ksi\u0119gozbioru bibliotecznego<\/li><\/ul>\n\n\n\n<p><strong>3. Dary <\/strong><\/p>\n\n\n\n<p>Biblioteka na podstawie Ustawy o bibliotekach (art. 27 p. 5.4) przyjmuje nieodp\u0142atnie wydawnictwa stanowi\u0105ce tzw. dary kieruj\u0105c si\u0119 przede wszystkim wzgl\u0119dami merytorycznymi: tematyk\u0105, aktualno\u015bci\u0105 i stanem fizycznym zbior\u00f3w.<\/p>\n\n\n\n<p>Biblioteka przekazuje do innych bibliotek i instytucji ksi\u0105\u017cki zb\u0119dne (ksi\u0105\u017cki otrzymane nieodp\u0142atnie od bibliotek i instytucji, niezgodne z profilem ksi\u0119gozbioru bibliotecznego BG, nadwy\u017cki egzemplarzy, publikacje wycofane po selekcji itp.).<\/p>\n\n","protected":false},"excerpt":{"rendered":"<p>1. ZakupDob\u00f3r literatury do zakupu odbywa si\u0119 na podstawie dok\u0142adnej analizy przydatno\u015bci danej publikacji, zgodnie z kierunkami kszta\u0142cenia, potrzebami naukowymi i dydaktycznymi u\u017cytkownik\u00f3w Biblioteki P\u015ak. 1.1 Wydawnictwa zwarte (ksi\u0105\u017cki) 1.1.1 Nowo\u015bci wydawnicze i bie\u017c\u0105ce zam\u00f3wienia od u\u017cytkownik\u00f3w Ksi\u0105\u017cki do zakupu wybierane s\u0105 na podstawie: systematycznego przegl\u0105du ofert wydawniczych i ksi\u0119garskich propozycji pracownik\u00f3w i student\u00f3w P\u015ak [&hellip;]<\/p>\n","protected":false},"author":2,"featured_media":0,"parent":0,"menu_order":0,"comment_status":"closed","ping_status":"closed","template":"","meta":{"footnotes":""},"class_list":["post-57","page","type-page","status-publish","hentry"],"_links":{"self":[{"href":"https:\/\/lib.tu.kielce.pl\/index.php\/wp-json\/wp\/v2\/pages\/57","targetHints":{"allow":["GET"]}}],"collection":[{"href":"https:\/\/lib.tu.kielce.pl\/index.php\/wp-json\/wp\/v2\/pages"}],"about":[{"href":"https:\/\/lib.tu.kielce.pl\/index.php\/wp-json\/wp\/v2\/types\/page"}],"author":[{"embeddable":true,"href":"https:\/\/lib.tu.kielce.pl\/index.php\/wp-json\/wp\/v2\/users\/2"}],"replies":[{"embeddable":true,"href":"https:\/\/lib.tu.kielce.pl\/index.php\/wp-json\/wp\/v2\/comments?post=57"}],"version-history":[{"count":0,"href":"https:\/\/lib.tu.kielce.pl\/index.php\/wp-json\/wp\/v2\/pages\/57\/revisions"}],"wp:attachment":[{"href":"https:\/\/lib.tu.kielce.pl\/index.php\/wp-json\/wp\/v2\/media?parent=57"}],"curies":[{"name":"wp","href":"https:\/\/api.w.org\/{rel}","templated":true}]}}