{"id":250,"date":"2022-01-12T13:57:42","date_gmt":"2022-01-12T12:57:42","guid":{"rendered":"http:\/\/81.26.5.67\/?page_id=250"},"modified":"2022-01-13T13:01:45","modified_gmt":"2022-01-13T12:01:45","slug":"zeszyty-naukowe-politechniki-swietokrzyskiej-seria-problemy-ekonomiki-i-organizacji","status":"publish","type":"page","link":"https:\/\/lib.tu.kielce.pl\/index.php\/zeszyty-naukowe-politechniki-swietokrzyskiej-seria-problemy-ekonomiki-i-organizacji\/","title":{"rendered":"Zeszyty Naukowe Politechniki \u015awi\u0119tokrzyskiej. Seria Problemy Ekonomiki i Organizacji"},"content":{"rendered":"\n<p>Seria Problemy Ekonomiki i Organizacji ukazywa\u0142a si\u0119 w latach 1977-1978.<\/p>\n\n\n\n<p>Linki do zeskanowanych spis\u00f3w tre\u015bci poszczeg\u00f3lnych zeszyt\u00f3w znajduj\u0105 si\u0119 pod kolejnymi numerami.<\/p>\n\n\n\n<figure class=\"wp-block-table is-style-stripes\"><table><tbody><tr><td class=\"has-text-align-center\" data-align=\"center\"><strong>Numer<\/strong><\/td><td class=\"has-text-align-center\" data-align=\"center\"><strong>Rok<\/strong><\/td><td><strong>Tytu\u0142<\/strong><\/td><\/tr><tr><td class=\"has-text-align-center\" data-align=\"center\"><a href=\"\/dok\/spisytresci\/ProblemyEkonomikiOrganizacji\/1.PDF\" target=\"_blank\" rel=\"noreferrer noopener\"><strong>1<\/strong><\/a><\/td><td class=\"has-text-align-center\" data-align=\"center\">1977<\/td><td><\/td><\/tr><tr><td class=\"has-text-align-center\" data-align=\"center\"><a href=\"\/dok\/spisytresci\/ProblemyEkonomikiOrganizacji\/2.PDF\" target=\"_blank\" rel=\"noreferrer noopener\"><strong>2<\/strong><\/a><\/td><td class=\"has-text-align-center\" data-align=\"center\">1977<\/td><td><\/td><\/tr><tr><td class=\"has-text-align-center\" data-align=\"center\"><a href=\"\/dok\/spisytresci\/ProblemyEkonomikiOrganizacji\/3.PDF\" target=\"_blank\" rel=\"noreferrer noopener\"><strong>3<\/strong><\/a><\/td><td class=\"has-text-align-center\" data-align=\"center\">1977<\/td><td><\/td><\/tr><tr><td class=\"has-text-align-center\" data-align=\"center\"><a href=\"\/dok\/spisytresci\/ProblemyEkonomikiOrganizacji\/4.PDF\" target=\"_blank\" rel=\"noreferrer noopener\"><strong>4<\/strong><\/a><\/td><td class=\"has-text-align-center\" data-align=\"center\">1977<\/td><td>Zastosowanie modelu organizacji systemu produkcyjnego do analizy dzia\u0142alno\u015bci systemu transportowego \/ Bogus\u0142aw Kalesty\u0144ski<\/td><\/tr><tr><td class=\"has-text-align-center\" data-align=\"center\"><a href=\"\/dok\/spisytresci\/ProblemyEkonomikiOrganizacji\/5.PDF\" target=\"_blank\" rel=\"noreferrer noopener\"><strong>5<\/strong><\/a><\/td><td class=\"has-text-align-center\" data-align=\"center\">1977<\/td><td>Integracja w gospodarce mlekiem na przyk\u0142adzie strefy surowcowej OSM Lubacz\u00f3w (studium metodyczne) \/ Antoni Jarosz<\/td><\/tr><tr><td class=\"has-text-align-center\" data-align=\"center\"><a href=\"\/dok\/spisytresci\/ProblemyEkonomikiOrganizacji\/6.PDF\" target=\"_blank\" rel=\"noreferrer noopener\"><strong>6<\/strong><\/a><\/td><td class=\"has-text-align-center\" data-align=\"center\">1978<\/td><td><\/td><\/tr><\/tbody><\/table><\/figure>\n","protected":false},"excerpt":{"rendered":"<p>Seria Problemy Ekonomiki i Organizacji ukazywa\u0142a si\u0119 w latach 1977-1978. Linki do zeskanowanych spis\u00f3w tre\u015bci poszczeg\u00f3lnych zeszyt\u00f3w znajduj\u0105 si\u0119 pod kolejnymi numerami. Numer Rok Tytu\u0142 1 1977 2 1977 3 1977 4 1977 Zastosowanie modelu organizacji systemu produkcyjnego do analizy dzia\u0142alno\u015bci systemu transportowego \/ Bogus\u0142aw Kalesty\u0144ski 5 1977 Integracja w gospodarce mlekiem na przyk\u0142adzie strefy [&hellip;]<\/p>\n","protected":false},"author":3,"featured_media":0,"parent":0,"menu_order":0,"comment_status":"closed","ping_status":"closed","template":"","meta":{"footnotes":""},"class_list":["post-250","page","type-page","status-publish","hentry"],"_links":{"self":[{"href":"https:\/\/lib.tu.kielce.pl\/index.php\/wp-json\/wp\/v2\/pages\/250","targetHints":{"allow":["GET"]}}],"collection":[{"href":"https:\/\/lib.tu.kielce.pl\/index.php\/wp-json\/wp\/v2\/pages"}],"about":[{"href":"https:\/\/lib.tu.kielce.pl\/index.php\/wp-json\/wp\/v2\/types\/page"}],"author":[{"embeddable":true,"href":"https:\/\/lib.tu.kielce.pl\/index.php\/wp-json\/wp\/v2\/users\/3"}],"replies":[{"embeddable":true,"href":"https:\/\/lib.tu.kielce.pl\/index.php\/wp-json\/wp\/v2\/comments?post=250"}],"version-history":[{"count":0,"href":"https:\/\/lib.tu.kielce.pl\/index.php\/wp-json\/wp\/v2\/pages\/250\/revisions"}],"wp:attachment":[{"href":"https:\/\/lib.tu.kielce.pl\/index.php\/wp-json\/wp\/v2\/media?parent=250"}],"curies":[{"name":"wp","href":"https:\/\/api.w.org\/{rel}","templated":true}]}}

Zeszyty Naukowe Politechniki Świętokrzyskiej. Seria Problemy Ekonomiki i Organizacji

<p>Seria Problemy Ekonomiki i Organizacji ukazywała się w latach 1977-1978.</p>



<p>Linki do zeskanowanych spisów treści poszczególnych zeszytów znajdują się pod kolejnymi numerami.</p>



<figure class="wp-block-table is-style-stripes"><table><tbody><tr><td class="has-text-align-center" data-align="center"><strong>Numer</strong></td><td class="has-text-align-center" data-align="center"><strong>Rok</strong></td><td><strong>Tytuł</strong></td></tr><tr><td class="has-text-align-center" data-align="center"><a href="/dok/spisytresci/ProblemyEkonomikiOrganizacji/1.PDF" target="_blank" rel="noreferrer noopener"><strong>1</strong></a></td><td class="has-text-align-center" data-align="center">1977</td><td></td></tr><tr><td class="has-text-align-center" data-align="center"><a href="/dok/spisytresci/ProblemyEkonomikiOrganizacji/2.PDF" target="_blank" rel="noreferrer noopener"><strong>2</strong></a></td><td class="has-text-align-center" data-align="center">1977</td><td></td></tr><tr><td class="has-text-align-center" data-align="center"><a href="/dok/spisytresci/ProblemyEkonomikiOrganizacji/3.PDF" target="_blank" rel="noreferrer noopener"><strong>3</strong></a></td><td class="has-text-align-center" data-align="center">1977</td><td></td></tr><tr><td class="has-text-align-center" data-align="center"><a href="/dok/spisytresci/ProblemyEkonomikiOrganizacji/4.PDF" target="_blank" rel="noreferrer noopener"><strong>4</strong></a></td><td class="has-text-align-center" data-align="center">1977</td><td>Zastosowanie modelu organizacji systemu produkcyjnego do analizy działalności systemu transportowego / Bogusław Kalestyński</td></tr><tr><td class="has-text-align-center" data-align="center"><a href="/dok/spisytresci/ProblemyEkonomikiOrganizacji/5.PDF" target="_blank" rel="noreferrer noopener"><strong>5</strong></a></td><td class="has-text-align-center" data-align="center">1977</td><td>Integracja w gospodarce mlekiem na przykładzie strefy surowcowej OSM Lubaczów (studium metodyczne) / Antoni Jarosz</td></tr><tr><td class="has-text-align-center" data-align="center"><a href="/dok/spisytresci/ProblemyEkonomikiOrganizacji/6.PDF" target="_blank" rel="noreferrer noopener"><strong>6</strong></a></td><td class="has-text-align-center" data-align="center">1978</td><td></td></tr></tbody></table></figure>

<p>Seria Problemy Ekonomiki i Organizacji ukazywała się w latach 1977-1978. Linki do zeskanowanych spisów treści poszczególnych zeszytów znajdują się pod kolejnymi numerami. Numer Rok Tytuł 1 1977 2 1977 3 1977 4 1977 Zastosowanie modelu organizacji systemu produkcyjnego do analizy działalności systemu transportowego / Bogusław Kalestyński 5 1977 Integracja w gospodarce mlekiem na przykładzie strefy [&hellip;]</p>
