{"id":163,"date":"2021-09-16T12:14:12","date_gmt":"2021-09-16T10:14:12","guid":{"rendered":"http:\/\/81.26.5.78\/BG\/?page_id=163"},"modified":"2023-03-17T10:05:39","modified_gmt":"2023-03-17T09:05:39","slug":"materialy-szkoleniowe","status":"publish","type":"page","link":"https:\/\/lib.tu.kielce.pl\/index.php\/materialy-szkoleniowe\/","title":{"rendered":"Materia\u0142y szkoleniowe"},"content":{"rendered":"\n<h2 class=\"wp-block-heading\" id=\"instrukcje-do-korzystania-z-elektronicznych-zasobow-biblioteki\">Instrukcje do korzystania z elektronicznych zasob\u00f3w Biblioteki<\/h2>\n\n\n\n<ul class=\"wp-block-list\">\n<li><a href=\"\/dok\/instrukcje\/ZasadyKorzystaniaZuslugBG.pdf\" target=\"_blank\" rel=\"noreferrer noopener\">Zasady korzystania z us\u0142ug Biblioteki G\u0142\u00f3wnej P\u015ak<\/a><\/li>\n<\/ul>\n\n\n\n<ul class=\"wp-block-list\">\n<li><a rel=\"noreferrer noopener\" href=\"\/dok\/prezentacjebg\/InstrukcjaWyszukiwania\" target=\"_blank\">Prezentacja wyszukiwania w katalogu Biblioteki G\u0142\u00f3wnej P\u015ak<\/a>\n<ul class=\"wp-block-list\">\n<li><a rel=\"noreferrer noopener\" href=\"\/dok\/instrukcje\/KatalogOnline.pdf\" target=\"_blank\">Instrukcja PDF<\/a><\/li>\n<\/ul>\n<\/li>\n\n\n\n<li><a rel=\"noreferrer noopener\" href=\"\/dok\/prezentacjebg\/PrzewodnikPoOWC\" target=\"_blank\">Przewodnik po Oddziale Wydawnictw Ci\u0105g\u0142ych<\/a><\/li>\n\n\n\n<li><a href=\"\/index.php\/dostep-do-zasobow-online-z-komputerow-domowych\/\">Dost\u0119p do zasob\u00f3w online z komputer\u00f3w domowych<\/a><\/li>\n\n\n\n<li><a rel=\"noreferrer noopener\" href=\"\/dok\/instrukcje\/Instrukcja_Wyszukiwania_norm_2020.pdf\" target=\"_blank\">Instrukcja wyszukiwania norm<\/a><\/li>\n<\/ul>\n\n\n\n<div style=\"height:50px\" aria-hidden=\"true\" class=\"wp-block-spacer\"><\/div>\n\n\n\n<h2 class=\"wp-block-heading\" id=\"instrukcje-i-przewodniki-do-korzystania-z-licencjonowanych-baz-danych\">Instrukcje i przewodniki do korzystania z licencjonowanych baz danych:<\/h2>\n\n\n\n<ul class=\"wp-block-list\">\n<li><a rel=\"noreferrer noopener\" href=\"\/dok\/instrukcje\/scopus-quick-reference-guide.pdf\" target=\"_blank\">Scopus (Quick Reference Guide)<\/a>\n<ul class=\"wp-block-list\">\n<li><a href=\"https:\/\/www.elsevier.com\/pl-pl\/solutions\/scival\" target=\"_blank\" rel=\"noreferrer noopener\">kompendium SciVal<\/a><\/li>\n<\/ul>\n<\/li>\n\n\n\n<li><a rel=\"noreferrer noopener\" href=\"\/dok\/instrukcje\/sciencedirect-quick-reference-guide.pdf\" data-type=\"URL\" data-id=\"\/dok\/instrukcje\/sciencedirect-quick-reference-guide.pdf\" target=\"_blank\">Elsevier\/Science Direct (Quick Reference Guide)<\/a><\/li>\n\n\n\n<li><a rel=\"noreferrer noopener\" href=\"https:\/\/www.wiley.com\/customer-success\/wiley-online-library-training-hub\" target=\"_blank\">Wiley Online Library Training Hub<\/a><\/li>\n\n\n\n<li><a rel=\"noreferrer noopener\" href=\"https:\/\/clarivate.libguides.com\/europe\/poland\" target=\"_blank\">Strona informacyjna o zasobach Web of Science w j\u0119zyku polskim<\/a>\n<ul class=\"wp-block-list\">\n<li><a rel=\"noreferrer noopener\" href=\"https:\/\/clarivate.com\/webofsciencegroup\/support\/incites\/\" target=\"_blank\">InCites &#8211; strona z materia\u0142ami szkoleniowymi<\/a><\/li>\n<\/ul>\n<\/li>\n\n\n\n<li><a rel=\"noreferrer noopener\" href=\"\/dok\/instrukcje\/Science_pl.pdf\" target=\"_blank\">Czasopismo Science (broszura po polsku)<\/a><\/li>\n\n\n\n<li><a rel=\"noreferrer noopener\" href=\"https:\/\/help.ebsco.com\/interfaces\/International_Resources\/polski\" target=\"_blank\">Bazy EBSCO i wyszukiwarka EDS<\/a><\/li>\n\n\n\n<li><a rel=\"noreferrer noopener\" href=\"\/dok\/instrukcje\/EDSinstrukcjaPsk.pdf\" target=\"_blank\">EBSCO Discovery Service (EDS) &#8211; przewodnik<\/a><\/li>\n<\/ul>\n\n\n\n<ul class=\"wp-block-list\">\n<li><a rel=\"noreferrer noopener\" href=\"https:\/\/pomoc.wolterskluwer.pl\/funkcjonalnosci-lex-instrukcja-obslugi-pdf\/\" target=\"_blank\">LEX \u2013 Wykaz temat\u00f3w ePomocy; instrukcja (format PDF)<\/a><\/li>\n\n\n\n<li><a rel=\"noreferrer noopener\" href=\"http:\/\/yadda.icm.edu.pl\/baztech\/help\" target=\"_blank\">BazTech<\/a><\/li>\n<\/ul>\n\n\n\n<ul class=\"wp-block-list\">\n<li><a rel=\"noreferrer noopener\" href=\"\/dok\/instrukcje\/JCR-short.pdf\" target=\"_blank\">Kr\u00f3tka instrukcja, jak znale\u017a\u0107 Impact Factor<\/a><\/li>\n\n\n\n<li><a rel=\"noreferrer noopener\" href=\"\/dok\/instrukcje\/WoS.pdf\" target=\"_blank\">Kr\u00f3tka instrukcja, jak znale\u017a\u0107 indeks Hirscha w Web of Science<\/a><\/li>\n\n\n\n<li><a rel=\"noreferrer noopener\" href=\"\/dok\/instrukcje\/SCOPUS.pdf\" data-type=\"URL\" data-id=\"\/dok\/instrukcje\/SCOPUS.pdf\" target=\"_blank\">Kr\u00f3tka instrukcja, jak znale\u017a\u0107 indeks Hirscha w Scopus<\/a><\/li>\n<\/ul>\n\n\n\n<p><\/p>\n","protected":false},"excerpt":{"rendered":"<p>Instrukcje do korzystania z elektronicznych zasob\u00f3w Biblioteki Instrukcje i przewodniki do korzystania z licencjonowanych baz danych:<\/p>\n","protected":false},"author":3,"featured_media":0,"parent":0,"menu_order":0,"comment_status":"closed","ping_status":"closed","template":"","meta":{"footnotes":""},"class_list":["post-163","page","type-page","status-publish","hentry"],"_links":{"self":[{"href":"https:\/\/lib.tu.kielce.pl\/index.php\/wp-json\/wp\/v2\/pages\/163","targetHints":{"allow":["GET"]}}],"collection":[{"href":"https:\/\/lib.tu.kielce.pl\/index.php\/wp-json\/wp\/v2\/pages"}],"about":[{"href":"https:\/\/lib.tu.kielce.pl\/index.php\/wp-json\/wp\/v2\/types\/page"}],"author":[{"embeddable":true,"href":"https:\/\/lib.tu.kielce.pl\/index.php\/wp-json\/wp\/v2\/users\/3"}],"replies":[{"embeddable":true,"href":"https:\/\/lib.tu.kielce.pl\/index.php\/wp-json\/wp\/v2\/comments?post=163"}],"version-history":[{"count":0,"href":"https:\/\/lib.tu.kielce.pl\/index.php\/wp-json\/wp\/v2\/pages\/163\/revisions"}],"wp:attachment":[{"href":"https:\/\/lib.tu.kielce.pl\/index.php\/wp-json\/wp\/v2\/media?parent=163"}],"curies":[{"name":"wp","href":"https:\/\/api.w.org\/{rel}","templated":true}]}}